 177 a factor of 564339?
False
Is 716142 a multiple of 21?
True
Does 200 divide 212600?
True
Is 147 a factor of 871122?
True
Is 5785652 a multiple of 566?
True
Is 2723688 a multiple of 24?
True
Does 6 divide 1192145?
False
Does 55 divide 1795?
False
Is 2446696 a multiple of 6?
False
Does 32 divide 184800?
True
Is 813 a factor of 25896107?
False
Does 112 divide 3605392?
True
Is 11862 a multiple of 6?
True
Is 19833912 a multiple of 18?
True
Is 81 a factor of 87075?
True
Is 262576 a multiple of 16?
True
Is 6 a factor of 503239?
False
Is 2821371 a multiple of 49?
True
Is 592662 a multiple of 103?
True
Does 2 divide 223787?
False
Is 84334 a multiple of 29?
False
Is 734768 a multiple of 263?
False
Does 11 divide 1328613?
True
Is 26054 a multiple of 46?
False
Is 49046 a multiple of 162?
False
Does 5 divide 26380?
True
Does 176 divide 194832?
True
Is 4899571 a multiple of 4?
False
Does 40 divide 747960?
True
Is 960 a multiple of 64?
True
Is 17 a factor of 245809?
False
Does 65 divide 4144790?
True
Is 48 a factor of 358272?
True
Is 197 a factor of 376174?
False
Is 49 a factor of 106414?
False
Is 13 a factor of 1561098?
False
Is 335596 a multiple of 53?
True
Does 43 divide 88035?
False
Does 9 divide 411022?
False
Does 8 divide 213903?
False
Is 1076836 a multiple of 200?
False
Does 25 divide 1774000?
True
Is 10 a factor of 14980?
True
Is 14 a factor of 10357?
False
Does 625 divide 1874375?
True
Does 178 divide 10686247?
False
Does 3 divide 43619?
False
Is 620 a factor of 356500?
True
Is 22024071 a multiple of 1405?
False
Is 30 a factor of 6187021?
False
Is 13 a factor of 13434382?
True
Does 13 divide 124020?
True
Does 577 divide 1145922?
True
Is 2505 a factor of 8777520?
True
Is 399664 a multiple of 254?
False
Is 74 a factor of 342971?
False
Does 31 divide 74672?
False
Is 4505613 a multiple of 287?
True
Is 1444660 a multiple of 340?
True
Is 280804 even?
True
Does 2591 divide 8782986?
False
Is 212 a factor of 10814841?
False
Does 77 divide 6000160?
False
Is 242095 a multiple of 215?
False
Is 246 a factor of 2103792?
True
Is 195 a factor of 29876?
False
Does 199 divide 1355588?
True
Is 785400 a multiple of 17?
True
Is 3422315 a multiple of 103?
False
Does 365 divide 1880115?
True
Is 7 a factor of 1448762?
True
Is 8 a factor of 488024?
True
Does 22 divide 174086?
True
Is 41 a factor of 860057?
True
Is 35 a factor of 1070895?
True
Does 194 divide 2819093?
False
Does 34 divide 20143352?
False
Is 1038840 a multiple of 440?
True
Does 1244 divide 4464716?
True
Is 3 a factor of 25928?
False
Is 463824 a multiple of 12?
True
Does 34 divide 2117842?
False
Is 11 a factor of 15854493?
False
Is 624 a factor of 390743?
False
Is 44 a factor of 6064898?
False
Is 82 a factor of 3266416?
False
Is 39 a factor of 447213?
True
Does 63 divide 1170783?
False
Is 5505572 a multiple of 435?
False
Is 217152 a multiple of 174?
True
Does 439 divide 1306903?
True
Is 10 a factor of 7501960?
True
Is 15 a factor of 39672?
False
Does 15 divide 154256?
False
Is 5596672 a multiple of 34?
True
Is 214 a factor of 61632?
True
Is 983 a factor of 2212733?
True
Does 39 divide 1158586?
False
Is 79 a factor of 97524?
False
Does 8 divide 205489?
False
Is 66 a factor of 1318384?
False
Is 180 a factor of 252365?
False
Is 1605654 a multiple of 18?
True
Does 39 divide 110409?
True
Is 2750732 a multiple of 12?
False
Does 144 divide 2332968?
False
Is 479007 a multiple of 27?
True
Is 57 a factor of 195510?
True
Is 218462 a multiple of 38?
True
Is 40288 a multiple of 3?
False
Is 421521 a multiple of 501?
False
Does 13 divide 145223?
True
Is 3 a factor of 30677?
False
Is 36 a factor of 647091?
False
Does 90 divide 3021390?
True
Is 6035380 a multiple of 668?
True
Is 371 a factor of 9814063?
True
Is 1848683 a multiple of 5?
False
Is 8726766 a multiple of 15?
False
Is 717972 a multiple of 6?
True
Is 1059 a factor of 1150074?
True
Is 10 a factor of 84264?
False
Is 14724 a multiple of 3?
True
Does 703 divide 12720044?
False
Is 1675069 a multiple of 11?
True
Is 19 a factor of 886293?
True
Does 5 divide 13495?
True
Is 67 a factor of 1645118?
True
Is 6 a factor of 91814?
False
Is 193205 a multiple of 140?
False
Is 1028834 a multiple of 8?
False
Is 4904070 a multiple of 15?
True
Is 64 a factor of 281?
False
Does 20 divide 1140800?
True
Does 118 divide 341728?
True
Does 128 divide 261504?
True
Is 50 a factor of 5243?
False
Does 14 divide 11566520?
True
Does 31 divide 3804847?
True
Does 150 divide 3857330?
False
Is 11 a factor of 454685?
True
Is 271433 a multiple of 228?
False
Does 9 divide 7638597?
True
Does 2 divide 1004647?
False
Does 886 divide 3033091?
False
Is 9964528 a multiple of 28?
True
Does 69 divide 221198?
False
Is 14167654 a multiple of 34?
False
Does 11 divide 404966?
False
Is 546550 a multiple of 17?
True
Is 36 a factor of 1398168?
True
Is 440439 a multiple of 4?
False
Is 453 a factor of 1652343?
False
Is 912991 a multiple of 4?
False
Does 337 divide 479210?
False
Does 22 divide 8750132?
False
Is 110 a factor of 510620?
True
Is 341517 a multiple of 10?
False
Is 483250 a multiple of 52?
False
Does 30 divide 27628218?
False
Is 13830 even?
True
Does 12 divide 205200?
True
Is 107804 a multiple of 4?
True
Does 34 divide 3479594?
True
Is 1614210 a multiple of 12?
False
Is 124507 even?
False
Is 157954 a multiple of 7?
False
Is 45177 a multiple of 2?
False
Does 95 divide 3427600?
True
Is 213480 a multiple of 6?
True
Is 14499 a multiple of 3?
True
Does 117 divide 241119?
False
Does 17 divide 38694?
False
Does 22 divide 10819776?
True
Does 10 divide 595530?
True
Is 171270 a multiple of 18?
True
Is 15196944 a multiple of 37?
False
Does 45 divide 334906?
False
Is 346150 a multiple of 215?
True
Does 11 divide 182638?
False
Does 95 divide 180975?
True
Does 54 divide 173471?
False
Is 449 a factor of 797424?
True
Is 46 a factor of 80638?
True
Does 11 divide 9041?
False
Does 146 divide 237250?
True
Is 14744282 a multiple of 742?
True
Is 82 a factor of 2370046?
True
Is 229 a factor of 589904?
True
Is 105014 a multiple of 182?
True
Does 6 divide 1179349?
False
Is 69756 a multiple of 4?
True
Is 78582 a multiple of 7?
True
Is 352710 a multiple of 3?
True
Is 1635027 a multiple of 217?
False
Does 303 divide 4329609?
False
Is 60703 a multiple of 44?
False
Is 4 a factor of 439772?
True
Does 24 divide 2979456?
True
Does 13 divide 1933951?
False
Does 60 divide 37380?
True
Is 4094928 a multiple of 18?
True
Is 2 a factor of 3737962?
True
Is 20641808 a multiple of 272?
True
Is 2284312 a multiple of 9?
False
Does 12 divide 3342262?
False
Is 310 a factor of 4756330?
True
Is 42 a factor of 24420?
False
Is 288 a factor of 18169344?
True
Is 139 a factor of 336924?
False
Is 327 a factor of 17118?
False
Does 42 divide 126504?
True
Does 106 divide 656171?
False
Does 351 divide 316388?
False
Is 70 a factor of 10150?
True
Does 19 divide 116755?
True
Does 11 divide 4919354?
True
Does 41 divide 10876767?
True
Is 105892 a multiple of 92?
True
Does 274 divide 371270?
True
Is 31 a factor of 285045?
True
Is 12 a factor of 8738736?
True
Does 79 divide 1224224?
False
Is 1371231 a multiple of 47?
False
Does 6 divide 63135?
False
Is 2 a factor of 2563?
False
Does 4 divide 7257087?
False
Does 789 divide 8656908?
True
Is 16268 a multiple of 40?
False
Does 10 divide 296980?
True
Is 9963 a multiple of 123?
True
Is 14 a factor of 1704944?
False
Is 305422 a multiple of 13?
True
Does 17 divide 5916272?
True
Is 1379848 a multiple of 173?
True
Is 44 a factor of 102206?
False
Does 104 divide 1117480?
True
Is 21 a factor of 1735671?
True
Is 5601197 a multiple of 29?
False
Is 290 a multiple of 38?
False
Does 76 divide 48640?
True
Is 105 a factor of 230470?
False
Is 17 a factor of 3305010?
False
Is 550 a factor of 130900?
True
Does 62 divide 1091848?
False
Does 321 divide 48471?
True
Is 610 a factor of 15516771?
False
Is 14 a factor of 460166?
True
Is 678 a factor of 222384?
True
Does 9 divide 1351?
False
Does 32 divide 3825496?
False
Is 30 a factor of 551730?
True
Is 139 a factor of 7564519?
True
Is 177096 a multiple of 94?
True
Is 231 a factor of 330972?
False
Is 3 a factor of 120972?
True
Does 18 divide 194642?
False
Is 4221402 a multiple of 402?
True
Is 833 a factor of 10101780?
False
Is 123 a factor of 574687?
False
Is 630492 a multiple of 278?
False
Is 24